e prime factors of 22902?
2, 3, 11, 347
List the prime factors of 19529.
59, 331
List the prime factors of 845.
5, 13
What are the prime factors of 142?
2, 71
What are the prime factors of 1743?
3, 7, 83
What are the prime factors of 29147?
29147
List the prime factors of 36781.
36781
List the prime factors of 2029.
2029
What are the prime factors of 38707?
38707
What are the prime factors of 2885?
5, 577
List the prime factors of 4186.
2, 7, 13, 23
List the prime factors of 7973.
7, 17, 67
What are the prime factors of 19147?
41, 467
What are the prime factors of 1492?
2, 373
What are the prime factors of 6492?
2, 3, 541
List the prime factors of 523.
523
List the prime factors of 25562.
2, 12781
What are the prime factors of 41803?
17, 2459
What are the prime factors of 27234?
2, 3, 17, 89
List the prime factors of 22042.
2, 103, 107
What are the prime factors of 2485?
5, 7, 71
What are the prime factors of 43869?
3, 7, 2089
What are the prime factors of 7749?
3, 7, 41
What are the prime factors of 849?
3, 283
What are the prime factors of 15249?
3, 13, 17, 23
List the prime factors of 1031.
1031
List the prime factors of 1181.
1181
What are the prime factors of 100329?
3, 53, 631
What are the prime factors of 9666?
2, 3, 179
What are the prime factors of 8992?
2, 281
What are the prime factors of 1562?
2, 11, 71
What are the prime factors of 5647?
5647
What are the prime factors of 15577?
37, 421
List the prime factors of 544.
2, 17
List the prime factors of 655.
5, 131
List the prime factors of 32150.
2, 5, 643
What are the prime factors of 2269?
2269
List the prime factors of 2698.
2, 19, 71
What are the prime factors of 17752?
2, 7, 317
What are the prime factors of 12406?
2, 6203
What are the prime factors of 7327?
17, 431
List the prime factors of 18313.
18313
What are the prime factors of 1178?
2, 19, 31
List the prime factors of 74663.
197, 379
List the prime factors of 13891.
29, 479
What are the prime factors of 20094?
2, 3, 17, 197
List the prime factors of 1055.
5, 211
What are the prime factors of 659?
659
List the prime factors of 1989.
3, 13, 17
What are the prime factors of 20465?
5, 4093
What are the prime factors of 7441?
7, 1063
List the prime factors of 8555.
5, 29, 59
List the prime factors of 298.
2, 149
What are the prime factors of 65617?
65617
What are the prime factors of 36396?
2, 3, 337
List the prime factors of 9488.
2, 593
List the prime factors of 6852.
2, 3, 571
What are the prime factors of 19187?
7, 2741
List the prime factors of 98755.
5, 19751
What are the prime factors of 26446?
2, 7, 1889
What are the prime factors of 19937?
19937
List the prime factors of 3725.
5, 149
What are the prime factors of 4178?
2, 2089
What are the prime factors of 24558?
2, 3, 4093
What are the prime factors of 6535?
5, 1307
What are the prime factors of 23798?
2, 73, 163
List the prime factors of 17324.
2, 61, 71
What are the prime factors of 1824?
2, 3, 19
What are the prime factors of 7235?
5, 1447
List the prime factors of 15888.
2, 3, 331
List the prime factors of 17048.
2, 2131
What are the prime factors of 13351?
13, 79
List the prime factors of 30970.
2, 5, 19, 163
What are the prime factors of 83529?
3, 9281
List the prime factors of 67762.
2, 17, 1993
What are the prime factors of 17293?
17293
List the prime factors of 148.
2, 37
List the prime factors of 10121.
29, 349
List the prime factors of 9001.
9001
What are the prime factors of 7309?
7309
What are the prime factors of 2282?
2, 7, 163
List the prime factors of 1176.
2, 3, 7
List the prime factors of 31957.
31957
What are the prime factors of 29685?
3, 5, 1979
What are the prime factors of 8961?
3, 29, 103
List the prime factors of 13334.
2, 59, 113
List the prime factors of 36356.
2, 61, 149
List the prime factors of 113.
113
List the prime factors of 101.
101
List the prime factors of 74751.
3, 24917
List the prime factors of 32813.
11, 19, 157
List the prime factors of 14132.
2, 3533
What are the prime factors of 396?
2, 3, 11
List the prime factors of 4841.
47, 103
What are the prime factors of 4431?
3, 7, 211
What are the prime factors of 1057?
7, 151
List the prime factors of 56.
2, 7
What are the prime factors of 1807?
13, 139
What are the prime factors of 1385?
5, 277
List the prime factors of 7077.
3, 7, 337
What are the prime factors of 59268?
2, 3, 11, 449
List the prime factors of 94629.
3, 31543
List the prime factors of 56283.
3, 73, 257
List the prime factors of 242.
2, 11
List the prime factors of 5946.
2, 3, 991
What are the prime factors of 1263?
3, 421
List the prime factors of 4297.
4297
What are the prime factors of 3754?
2, 1877
What are the prime factors of 9149?
7, 1307
List the prime factors of 2274.
2, 3, 379
List the prime factors of 1587.
3, 23
What are the prime factors of 23459?
23459
What are the prime factors of 1315?
5, 263
What are the prime factors of 544?
2, 17
List the prime factors of 429.
3, 11, 13
List the prime factors of 4656.
2, 3, 97
What are the prime factors of 2720?
2, 5, 17
List the prime factors of 18.
2, 3
What are the prime factors of 9472?
2, 37
What are the prime factors of 43432?
2, 61, 89
What are the prime factors of 561?
3, 11, 17
What are the prime factors of 24888?
2, 3, 17, 61
List the prime factors of 8954.
2, 11, 37
List the prime factors of 961.
31
What are the prime factors of 1390?
2, 5, 139
List the prime factors of 613.
613
What are the prime factors of 2455?
5, 491
What are the prime factors of 807?
3, 269
List the prime factors of 5841.
3, 11, 59
List the prime factors of 11656.
2, 31, 47
What are the prime factors of 11960?
2, 5, 13, 23
List the prime factors of 264.
2, 3, 11
What are the prime factors of 60354?
2, 3, 7, 479
List the prime factors of 414.
2, 3, 23
List the prime factors of 14164.
2, 3541
What are the prime factors of 30528?
2, 3, 53
What are the prime factors of 24988?
2, 6247
What are the prime factors of 640?
2, 5
What are the prime factors of 578?
2, 17
What are the prime factors of 28850?
2, 5, 577
List the prime factors of 220.
2, 5, 11
List the prime factors of 8243.
8243
List the prime factors of 1164.
2, 3, 97
What are the prime factors of 8166?
2, 3, 1361
List the prime factors of 34933.
181, 193
What are the prime factors of 53150?
2, 5, 1063
List the prime factors of 111381.
3, 137, 271
What are the prime factors of 462?
2, 3, 7, 11
What are the prime factors of 61?
61
What are the prime factors of 8872?
2, 1109
List the prime factors of 102323.
13, 17, 463
What are the prime factors of 13435?
5, 2687
List the prime factors of 45942.
2, 3, 13, 19, 31
List the prime factors of 5740.
2, 5, 7, 41
List the prime factors of 998.
2, 499
List the prime factors of 42191.
31, 1361
What are the prime factors of 389?
389
List the prime factors of 5619.
3, 1873
What are the prime factors of 3228?
2, 3, 269
List the prime factors of 35099.
35099
List the prime factors of 15374.
2, 7687
List the prime factors of 50.
2, 5
What are the prime factors of 42222?
2, 3, 31, 227
What are the prime factors of 120387?
3, 40129
List the prime factors of 147107.
147107
What are the prime factors of 1212?
2, 3, 101
List the prime factors of 3341.
13, 257
List the prime factors of 11655.
3, 5, 7, 37
List the prime factors of 6439.
47, 137
What are the prime factors of 43623?
3, 37, 131
List the prime factors of 14382.
2, 3, 17, 47
List the prime factors of 54970.
2, 5, 23, 239
What are the prime factors of 15169?
7, 11, 197
What are the prime factors of 49753?
11, 4523
What are the prime factors of 7051?
11, 641
What are the prime factors of 20325?
3, 5, 271
List the prime factors of 8071.
7, 1153
List the prime factors of 124811.
19, 6569
List the prime factors of 61257.
3, 7, 2917
What are the prime factors of 66036?
2, 3, 5503
What are the prime factors of 53902?
2, 26951
What are the prime factors of 26366?
2, 13183
What are the prime factors of 30360?
2, 3, 5, 11, 23
List the prime factors of 42935.
5, 31, 277
List the prime factors of 1618.
2, 809
What are the prime factors of 1045?
5, 11, 19
What are the prime factors of 10434?
2, 3, 37, 47
What are the prime factors of 15931?
89, 179
List the prime factors of 1201.
1201
What are the prime factors of 32701?
53, 617
What are the pr